y -1 - (-14 - -3) - g?
10
Suppose -465*j + 2735 + 8644 = -1641. Let n = -23 + 157. Let o = n + -54. What is the remainder when o is divided by j?
24
Let a = 3925 + -3880. Calculate the remainder when 99 is divided by a.
9
Suppose -8853 = -2*z - 3*t, 17716 = z + 3*z + 4*t. Calculate the remainder when z is divided by 21.
3
What is the remainder when 564 is divided by -3 + -6 + 1 - -10 - -146?
120
Suppose -5991 = -3*p + 3*x, 2*p - 4*x = -0*p + 3992. What is the remainder when p is divided by 11?
7
Suppose 3*z = 3*v + 66, 3*v + 3 = -12. What is the remainder when 396 is divided by z?
5
Suppose 132 = -14*k - 50. Let d(n) = -n**3 - 12*n**2 + 8*n - 26. What is the remainder when d(k) is divided by 23?
16
Let s be 49/(-3) + 3/9. What is the remainder when s/(-12)*51/2 is divided by (18/(-16)*(-38)/57)/(204/1088)?
2
Suppose 1750 = 6052*j - 6038*j. Calculate the remainder when j is divided by (-2 - 64)/(3/(-2)).
37
Suppose 12 = 3*g + 4*y, -2*g + 0*g = y - 8. Suppose -561 = -3*x + 5*c, -c = -4*x + 422 + 360. Calculate the remainder when x is divided by g.
1
Suppose 0 = -407*a + 341*a + 9174. What is the remainder when 1110 is divided by a?
137
Let c(s) = 2*s**3 + 40*s**2 - 13*s - 77. Suppose 3*f = 5*z - 199, -2*z - 4*f + 79 = -5*f. What is the remainder when c(-20) is divided by z?
31
Suppose -5*k + 3*v = -2971, -43*v - 601 = -k - 39*v. What is the remainder when k is divided by 44?
21
Let w(x) = 35*x**3 - 7*x**2 + 10*x - 3. What is the remainder when 270 is divided by w(2)?
1
Suppose -61565 - 182402 = -35*l + 14263. What is the remainder when l is divided by 15?
13
Let l = 36 + -12. Suppose -l = -12*n + 16*n. Calculate the remainder when 12 is divided by 10*(n/(-2))/6.
2
Let m(v) = -352*v + 2867. Calculate the remainder when 254 is divided by m(8).
50
Let b = 12164 + -10274. Calculate the remainder when b is divided by 20.
10
Let k(h) = 35*h + 1489. What is the remainder when 414 is divided by k(-42)?
15
Let v(r) = -r + 26. Suppose -64 = -5*q + 41. What is the remainder when (-222)/(-9) + 4/(-6) is divided by v(q)?
4
Let u = -21684 - -22106. Calculate the remainder when 1485 is divided by u.
219
Let x(p) = -p - 4. Let d be x(-9). Suppose 75 = d*z - 5*l, 0*z - 4*z = 4*l - 84. Calculate the remainder when z is divided by (164 - 148) + (-5 - 1).
8
Let o be 7/14*(-2 + 0). Suppose -4*f = i - 20, 3*i + 7*f - 96 = 4*f. What is the remainder when 31 is divided by -1 + (i/10)/(o/(-5))?
14
Suppose 2869*x = 2880*x - 506. Calculate the remainder when 269 is divided by x.
39
Suppose -258*p = -265*p + 112. Calculate the remainder when 4*(556/16)/1 is divided by p.
11
Suppose -3*c = -2*c - 4. Suppose 0 = -c*v + s - 4*s, 4*s + 19 = v. Suppose -6*k + 126 = -v*k. Calculate the remainder when 82 is divided by k.
40
Calculate the remainder when 331 is divided by (22/6)/(-10 - (-279)/27).
1
Let d(s) = -10*s. Suppose -6*n = -5*n + 68. Calculate the remainder when ((-182)/104)/(1/n) is divided by d(-3).
29
Let s = 22968 - 22905. What is the remainder when 1696 is divided by s?
58
Calculate the remainder when 42505 is divided by (21 - 2958/136)/((-1)/((-1272)/(-9))).
105
Let v(l) = l**3 + 16*l**2 - 31*l + 16. Let s be v(-17). Let b = 430 - s. What is the remainder when 122 is divided by (-194)/(-8) - 11/(b/(-12))?
22
Suppose a - y + 258 = 299, 3*a - 5*y - 119 = 0. What is the remainder when 3396 is divided by a?
42
Let v(h) = -h**3 - 4*h**2 + 7*h - 4. Let m = -105 + 112. Suppose m*q + 57 = 15. What is the remainder when v(q) is divided by 9?
8
Let c = 740 - 685. Calculate the remainder when 435 is divided by c.
50
Suppose -c - 3*d = -33, -c = -2*d - 5 - 3. What is the remainder when c is divided by -8 + 36/(6 + -4)?
8
Let n = 545 - 537. Let h(c) = 5*c**2 - 33*c + 7. Calculate the remainder when 310 is divided by h(n).
58
Suppose -28*k - 570 + 580 + 2034 = 0. What is the remainder when 144 is divided by k?
71
Let t(i) = 15*i + 71. Let d be t(-5). Let z(k) = -k**3 - 9*k**2 - 2*k + 9. What is the remainder when z(-10) is divided by 33/2*d/(1 + -3)?
30
Suppose -5*t - 6*x + 307 = -7*x, 0 = 5*t + x - 303. Let d(u) = 3*u**2 + u - 3. Let i = 6 - 8. What is the remainder when t is divided by d(i)?
5
Let t(i) = -48*i**3 - 3*i**2 + 9*i + 7. Let s(f) = 48*f**3 + 4*f**2 - 10*f - 8. Let c(q) = 6*s(q) + 7*t(q). What is the remainder when 161 is divided by c(-1)?
14
Let k(c) = 8*c**2 + 3*c - 2. Let b(u) = -u - 5. Let l be b(-7). Suppose o - 68 = 2*m + 43, 5*o + m = 522. Calculate the remainder when o is divided by k(l).
33
Let u(d) = 2*d**2 - 11*d + 51. Let z(q) = 8*q - 115. Let m be z(15). Suppose 4*j - 22 - 42 = 0. What is the remainder when u(m) is divided by j?
14
Suppose -608 = 5*i - 4383. What is the remainder when i is divided by 7?
6
Let v(n) = n**3 + 22*n**2 - 13*n + 178. What is the remainder when v(-22) is divided by 25?
14
Let q = -9784 + 9894. What is the remainder when q is divided by 39?
32
Suppose -112206 = -81*x + 4920. What is the remainder when x is divided by 481?
3
Suppose -4*h + 9*h = 355. Let x(j) = -j - 14. Let q be x(-12). Let s(b) = -11*b + 3. What is the remainder when h is divided by s(q)?
21
Calculate the remainder when 687 is divided by 4 + -3 - -4*5/60*3.
1
Let u be 20/9 - 2 - (-12)/(-54). Suppose 41*x - 42*x + 211 = u. Suppose x - 1007 = -4*b. Calculate the remainder when b is divided by 50.
49
Let d be (0/(3/(-3)))/3. Suppose d = -p + 13 + 36. Let a = -139 - -152. Calculate the remainder when p is divided by a.
10
Let z(h) = -h**3 + h**2 - h + 1. Let n(g) = -4*g**3 + 3*g**2 + g + 2. Let v(k) = n(k) - 5*z(k). Calculate the remainder when 16 is divided by v(2).
7
Let i(u) = 1325*u - 1328*u + 5 + 0. Calculate the remainder when 170 is divided by i(-8).
25
Suppose -4 = -p + 24. Let v(x) = -x**3 + 8*x**2 - 3*x - 6. Calculate the remainder when v(5) is divided by p.
26
Suppose 2*w - 31 = 201. Calculate the remainder when w is divided by 21276/648 + 3/(-2) + 12/(-9).
26
Let a = -892 - -898. Let v(b) = -b**3 + 8*b**2 - 8*b - 13. Calculate the remainder when v(6) is divided by a.
5
Let z = 100 + -97. Suppose 0 = -4*k + 226 + 474. Calculate the remainder when (-1 - (-2)/(-2))*k/(-25) is divided by z.
2
Suppose -4*u + 83 = 3*f, 0 = f + 5*u - 22 - 24. Let y = 42 + f. Calculate the remainder when y is divided by 38.
25
Suppose 3*y = y. Suppose 86*p - 81*p - 340 = y. Suppose 0 = 5*u + 4*b - 135, -3*u + 6*u - p = -5*b. What is the remainder when 123 is divided by u?
30
Suppose 0 = r - 2, -4*h + 0*r - 88 = -2*r. What is the remainder when 359 is divided by (6/7)/(1 - (-20)/h)?
17
Let s(v) = 61*v + 403. Calculate the remainder when 40 is divided by s(-6).
3
Calculate the remainder when 295 is divided by 8/(-28) + (-11)/(-154)*1124.
55
Let b be 24/6 + (-6)/(-3). Suppose 0 = b*t - 26 - 4. What is the remainder when 18 is divided by t?
3
Suppose 3*a - 51 - 87 = 0. What is the remainder when (-682)/1408*-464 - (14/8 + -1) is divided by a?
40
Let t be 1045/33 - (-1)/3*1. Suppose 0 = r + 99 - t. Let n = r - -124. Calculate the remainder when n is divided by 18.
3
Let y be (1 + 207/(-15))/(2/(-25)). Suppose -551 = -23*p - y. What is the remainder when 100 is divided by p?
15
Suppose k + 24 = 750*z - 747*z, 38 = 2*z + 3*k. Let a(n) = 13*n - 3. What is the remainder when a(7) is divided by z?
8
Suppose -16*a + 641 = -527. Calculate the remainder when a is divided by 22.
7
Let h = 20390 - 20094. Calculate the remainder when 1086 is divided by h.
198
Let q(j) = 11*j**2 - 3*j. Let f = 92498 - 92444. What is the remainder when q(5) is divided by f?
44
Let n be 216 - (1 - -3 - -2). Suppose n = 14*h + 84. What is the remainder when 19 is divided by h?
1
Suppose -5*q + q - 2*u + 154 = 0, 0 = -2*q + 4*u + 92. Suppose 14*p - 13*p = 4*t - 582, 726 = 5*t - 2*p. What is the remainder when t is divided by q?
26
Let l = -22819 + 22841. Calculate the remainder when 6882 is divided by l.
18
Let l(q) = 2*q**3 + 21*q**2 + 39*q + 495. What is the remainder when 221 is divided by l(-10)?
16
Suppose 26*g - 24*g + 5*l = 113, -g = -3*l - 73. Calculate the remainder when 315 is divided by g.
59
Suppose -213 = -4*p + 35. Suppose 4*q + 4*f + 36 = 0, -8*q + 3*f = -3*q + 37. What is the remainder when 173 is divided by 4 - 4/(q/p)?
33
Let n(l) = 6*l**2 - 36*l + 129. What is the remainder when n(14) is divid